culate the remainder when 372 is divided by 75.
72
What is the remainder when 100 is divided by 9?
1
Calculate the remainder when 14878 is divided by 32.
30
What is the remainder when 331 is divided by 24?
19
What is the remainder when 3504 is divided by 1748?
8
What is the remainder when 50 is divided by 2?
0
What is the remainder when 950 is divided by 311?
17
What is the remainder when 2323 is divided by 771?
10
Calculate the remainder when 64 is divided by 17.
13
What is the remainder when 1348 is divided by 50?
48
What is the remainder when 72 is divided by 57?
15
Calculate the remainder when 622 is divided by 89.
88
Calculate the remainder when 139 is divided by 136.
3
What is the remainder when 2202 is divided by 431?
47
What is the remainder when 73 is divided by 13?
8
Calculate the remainder when 179 is divided by 29.
5
What is the remainder when 415 is divided by 4?
3
Calculate the remainder when 1376 is divided by 454.
14
Calculate the remainder when 108 is divided by 23.
16
Calculate the remainder when 1115 is divided by 14.
9
What is the remainder when 19 is divided by 18?
1
Calculate the remainder when 203 is divided by 56.
35
Calculate the remainder when 95 is divided by 50.
45
Calculate the remainder when 3899 is divided by 556.
7
Calculate the remainder when 682 is divided by 6.
4
What is the remainder when 192 is divided by 45?
12
Calculate the remainder when 23 is divided by 19.
4
What is the remainder when 752 is divided by 42?
38
What is the remainder when 874 is divided by 44?
38
Calculate the remainder when 293 is divided by 88.
29
Calculate the remainder when 346 is divided by 6.
4
Calculate the remainder when 2578 is divided by 30.
28
What is the remainder when 621 is divided by 263?
95
What is the remainder when 3073 is divided by 205?
203
Calculate the remainder when 39 is divided by 27.
12
Calculate the remainder when 179 is divided by 81.
17
What is the remainder when 214 is divided by 6?
4
Calculate the remainder when 129 is divided by 52.
25
Calculate the remainder when 2395 is divided by 1191.
13
Calculate the remainder when 1712 is divided by 195.
152
Calculate the remainder when 774 is divided by 219.
117
What is the remainder when 243 is divided by 95?
53
Calculate the remainder when 192 is divided by 82.
28
What is the remainder when 3140 is divided by 12?
8
Calculate the remainder when 127 is divided by 5.
2
Calculate the remainder when 745 is divided by 68.
65
Calculate the remainder when 908 is divided by 117.
89
What is the remainder when 2584 is divided by 74?
68
What is the remainder when 180 is divided by 65?
50
What is the remainder when 36 is divided by 13?
10
What is the remainder when 179 is divided by 88?
3
Calculate the remainder when 155 is divided by 13.
12
What is the remainder when 500 is divided by 2?
0
What is the remainder when 2804 is divided by 552?
44
What is the remainder when 687 is divided by 327?
33
Calculate the remainder when 139 is divided by 24.
19
What is the remainder when 74 is divided by 59?
15
Calculate the remainder when 6018 is divided by 14.
12
Calculate the remainder when 222 is divided by 131.
91
What is the remainder when 1996 is divided by 328?
28
Calculate the remainder when 343 is divided by 47.
14
What is the remainder when 363 is divided by 16?
11
What is the remainder when 85 is divided by 55?
30
Calculate the remainder when 1154 is divided by 181.
68
What is the remainder when 782 is divided by 30?
2
What is the remainder when 733 is divided by 41?
36
Calculate the remainder when 2668 is divided by 89.
87
Calculate the remainder when 208 is divided by 27.
19
What is the remainder when 869 is divided by 174?
173
Calculate the remainder when 15 is divided by 5.
0
What is the remainder when 608 is divided by 75?
8
What is the remainder when 341 is divided by 66?
11
What is the remainder when 25 is divided by 6?
1
Calculate the remainder when 2834 is divided by 405.
404
What is the remainder when 54 is divided by 23?
8
Calculate the remainder when 173 is divided by 49.
26
What is the remainder when 122 is divided by 18?
14
What is the remainder when 7220 is divided by 8?
4
Calculate the remainder when 6319 is divided by 80.
79
Calculate the remainder when 115 is divided by 15.
10
What is the remainder when 729 is divided by 184?
177
Calculate the remainder when 292 is divided by 129.
34
Calculate the remainder when 357 is divided by 41.
29
Calculate the remainder when 66 is divided by 38.
28
Calculate the remainder when 179 is divided by 133.
46
What is the remainder when 694 is divided by 17?
14
Calculate the remainder when 779 is divided by 10.
9
What is the remainder when 55 is divided by 28?
27
Calculate the remainder when 2051 is divided by 1009.
33
Calculate the remainder when 230 is divided by 86.
58
What is the remainder when 4132 is divided by 14?
2
What is the remainder when 841 is divided by 171?
157
What is the remainder when 15 is divided by 9?
6
What is the remainder when 411 is divided by 54?
33
What is the remainder when 2976 is divided by 740?
16
Calculate the remainder when 207 is divided by 65.
12
Calculate the remainder when 250 is divided by 16.
10
What is the remainder when 193 is divided by 17?
6
Calculate the remainder when 4577 is divided by 21.
20
What is the remainder when 73 is divided by 23?
4
What is the remainder when 355 is divided by 36?
31
What is the remainder when 145 is divided by 84?
61
What is the remainder when 2508 is divided by 13?
12
What is the remainder when 3461 is divided by 77?
73
What is the remainder when 677 is divided by 111?
11
What is the remainder when 1770 is divided by 15?
0
What is the remainder when 936 is divided by 158?
146
What is the remainder when 4208 is divided by 20?
8
Calculate the remainder when 60 is divided by 14.
4
Calculate the remainder when 1792 is divided by 23.
21
Calculate the remainder when 240 is divided by 25.
15
What is the remainder when 3774 is divided by 151?
150
What is the remainder when 2262 is divided by 21?
15
What is the remainder when 131 is divided by 17?
12
Calculate the remainder when 1107 is divided by 106.
47
Calculate the remainder when 4118 is divided by 816.
38
Calculate the remainder when 1838 is divided by 115.
113
What is the remainder when 588 is divided by 118?
116
What is the remainder when 796 is divided by 104?
68
Calculate the remainder when 38 is divided by 16.
6
What is the remainder when 112 is divided by 65?
47
Calculate the remainder when 7139 is divided by 94.
89
Calculate the remainder when 1585 is divided by 59.
51
What is the remainder when 361 is divided by 8?
1
What is the remainder when 2288 is divided by 119?
27
What is the remainder when 75 is divided by 21?
12
Calculate the remainder when 240 is divided by 87.
66
Calculate the remainder when 799 is divided by 154.
29
What is the remainder when 1559 is divided by 7?
5
What is the remainder when 274 is divided by 241?
33
What is the remainder when 1667 is divided by 49?
1
What is the remainder when 97 is divided by 46?
5
What is the remainder when 62 is divided by 13?
10
What is the remainder when 126 is divided by 13?
9
What is the remainder when 2742 is divided by 9?
6
Calculate the remainder when 188 is divided by 33.
23
What is the remainder when 174 is divided by 79?
16
What is the remainder when 719 is divided by 90?
89
Calculate the remainder when 436 is divided by 88.
84
Calculate the remainder when 2109 is divided by 10.
9
Calculate the remainder when 494 is divided by 165.
164
Calculate the remainder when 859 is divided by 27.
22
Calculate the remainder when 898 is divided by 75.
73
What is the remainder when 219 is divided by 20?
19
Calculate the remainder when 434 is divided by 84.
14
Calculate the remainder when 1153 is divided by 40.
33
Calculate the remainder when 6682 is divided by 209.
203
What is the remainder when 14199 is divided by 20?
19
What is the remainder when 43 is divided by 3?
1
Calculate the remainder when 216 is divided by 55.
51
Calculate the remainder when 302 is divided by 11.
5
What is the remainder when 507 is divided by 123?
15
Calculate the remainder when 412 is divided by 40.
12
Calculate the remainder when 668 is divided by 12.
8
What is the remainde